of 8 + (-31 - (-15 - 1))?
-7
Evaluate (-21 - -1) + 2 + 2 + 4.
-12
What is -24 + (1 - -16) + 25?
18
What is 15 + -7 + (11 - (-7 + 14))?
12
Evaluate -30 + 0 - (303 + -322).
-11
(7 - 6) + (7 + -7 - 0)
1
Calculate (8 - (-6 - 21)) + -15.
20
What is the value of -3 + (7 + -8 - -10) + (-15 - 0)?
-9
9 - ((-10 - -1) + -153 + 189)
-18
What is (-4 - -17) + (-3 - (7 - 7))?
10
What is 20 + (-8 - -17) + -44?
-15
Evaluate 2 - 11 - (-18 - (-9 - -8)).
8
Calculate -423 + 420 + (1 - (1 + -12)) - 7.
2
-20 + 2 + 18 + -9 + -8
-17
What is the value of -4 + -2 + 9 - -3?
6
What is the value of 0 + (5 - (-4 - 0))?
9
What is 21 + 8 + -9 + -31?
-11
Evaluate (8 + -9 - -11 - 11) + (-4 - -2).
-3
What is (-9 - -14 - -4 - 0) + 3?
12
Evaluate 51 + -41 + 9 + -1 + 0 + -6.
12
What is -15 + 7 + -2 + 16?
6
Evaluate -9 - (-29 - (3 + (1 - 3))).
21
What is -1 + -3 + (-12 + -2 - -2) + 4?
-12
What is -8 + (4 - (-6 - 0))?
2
Evaluate 4 + -6 + 7 + 3 + 0 - 33.
-25
Evaluate 216 - 210 - (25 + 1).
-20
What is -14 + 8 - (-1 + (1 - 2) + -2)?
-2
What is the value of -11 + (-57 + 68 - (0 - -13))?
-13
Calculate 0 + 18 - (-131 + 91 + 44).
14
Calculate 24 - (-21 + 57) - (-9 + -1).
-2
What is the value of 4 + -11 + 1 + -26 + 30?
-2
What is 0 - -2 - (-6 - -9) - (-11 + 16)?
-6
What is the value of -12 - (-8 + -22 - -13)?
5
What is (1 - 6 - (0 + -1)) + 6 - -8?
10
3 + (-10 - -16 - 17)
-8
Calculate -1 + 37 + -20 + -1 + -6.
9
Evaluate 1 + (3 + -5 - -2 - 7).
-6
Evaluate (-2 - -4 - -12) + -23 + (-23 - -40).
8
What is the value of (3 - (10 + (-4 - -6) + -5)) + 5?
1
Evaluate 0 + -3 - (-7 + 5).
-1
What is the value of 26 + -30 + (-1 - -1) + 5 - 3?
-2
-11 + 10 + 2 + -11 - -21
11
(-7 - (-8 - -2 - -3)) + -6
-10
What is the value of (-5 - 20) + 27 + 19?
21
What is the value of (3 - 0) + (-15 - -18 - (5 + -2))?
3
Calculate 15 - 6 - 1 - 1 - -3.
10
What is the value of -1 + 19 - (-29 - 3 - -24 - -3)?
23
6 + 5 + (18 - 29 - 12)
-12
What is (-5 - (-7 - -43)) + (3 - 12) + 11?
-39
What is -25 - (-27 + 7) - -9?
4
What is the value of (18 - (9 + -5) - 7) + 1?
8
What is 14 + (-26 - -2) - -15?
5
What is the value of 38 - 26 - (3 - -10)?
-1
Calculate 28 + -20 + -28 - -22.
2
Evaluate 1 + (-2 - 5 - (-11 - (-6 + -5))).
-6
Evaluate 39 - ((-23 - 8) + 61).
9
-1 + 2 + (130 - 137 - (10 + -3))
-13
Evaluate -2 - (23 + (10 + -20 - -14)).
-29
Calculate -27 + -18 + (22 - -6) - -43.
26
Calculate 13 - (12 + 33 + -2 + 5).
-35
-29 - -3 - -20 - (-17 + 3)
8
Calculate 4 - (9 + -6 + 6) - -4.
-1
Evaluate -3 + (12 - 28 - (2 - 9)).
-12
Calculate -31 - (8 - -23 - 80).
18
Evaluate -9 + (0 + 9 - (-22 + 7 - -5)).
10
What is (-33 - -13) + 29 + (-15 - 2) - -35?
27
Calculate (16 - (-4 + 10) - 3) + -24 + -9.
-26
What is the value of (11 - 66 - -3) + 30?
-22
What is 18 + -14 - (-7 - -6)?
5
(-5 - (1 - 0)) + (0 - (16 + -24))
2
What is the value of (-2 + 3 + -2 + -6 - -7) + -13?
-13
What is the value of (-18 - -25 - 15) + -3?
-11
What is 8 - (-4 + (-7 - -18) + 3) - 4?
-6
What is the value of -51 + 35 + -8 - -9?
-15
-4 + 23 + -2 - (-27 + 5 - -12)
27
Calculate 2 - -4 - ((5 - 4) + 16).
-11
Calculate -6 - (-27 + 14 - -9 - (-2 + 1)).
-3
Evaluate -26 + 14 - (-4 + -3).
-5
0 + -35 - (0 + (-9 - -17) - 20)
-23
Calculate 47 - 51 - (8 + -4 - 3).
-5
Calculate -59 + 79 - (0 - -3).
17
What is -23 + 15 + 1 + -9?
-16
What is -20 - (-1 + (-12 - -8 - 5))?
-10
What is 1 + (-1 - (-3 - 0) - -1) + 28?
32
-30 + 1 - -30 - (-2 - -10)
-7
-4 - (-3 + 6 - (-1 - (-2 + -1)))
-5
Calculate (-18 + -4 - -2) + 12.
-8
What is the value of -11 + (-3 - 5 - -9) + 23?
13
Calculate 1 - (-1 + (2 - -3) + (3 - 9)).
3
213 + -198 + (1 - 21)
-5
Calculate -4 - (-3 + 4 + 4 - 13).
4
1 + -16 - (37 + -35) - -5
-12
What is the value of -4 + -3 + 16 + -51 + 51?
9
What is 18 - (52 + -19 - 0)?
-15
What is 869 + -863 - (-1 + 1 - 0 - -12)?
-6
11 - (11 + (-23 - -2))
21
(-19 - -17 - 3) + (3 - -1) + -2
-3
What is (217 - 206) + (-2 + 0 - -2 - 8)?
3
(-150 - -168) + 1 + -10 - 4
5
What is 33 - 70 - (2 - 21)?
-18
What is -129 - -129 - (-1 + -14 + -2)?
17
What is 44 + -45 + (7 + 9 - 1)?
14
What is -8 + 32 + (4 - 9) + (-3 - -1)?
17
What is -24 + 27 + -4 - (-2 + -13)?
14
43 + -28 - (-20 - -2)
33
What is the value of -18 - (-5 + (-12 - -6) + (1 - -5))?
-13
What is -8 + -8 + (-13 + 11 - -4)?
-14
17 - -2 - (0 - (4 - (-3 + 12)))
14
What is 52 + -43 - (-1 + 0)?
10
Evaluate 1 + (-3 + 3 + 2 - 8).
-5
Calculate -6 - (10 - (11 + -5) - -1).
-11
What is -24 + -16 + (18 - -34)?
12
What is the value of -37 - -20 - (-6 + 0)?
-11
Evaluate -3 + -10 + -9 + -4 + 11.
-15
-16 + (0 - 0) + (-29 - (12 + -38))
-19
What is -128 - -90 - (0 - (3 + -4) - 3)?
-36
-6 + 20 + (-3 + 5 - 5)
11
Evaluate -8 + 1 + -6 + (23 - 21).
-11
What is the value of (71 + -39 - 33) + -27?
-28
Evaluate 11 + (-4 - 6) + -5 + 0 + 2.
-2
What is (7 - ((3 - -5) + 0)) + (4 - 28)?
-25
Calculate -13 + -3 + -5 + -5 + 8.
-18
What is the value of 5 - (-15 + -1 + (-7 - -17))?
11
Evaluate (-1 + -4 + 10 - (5 - 4)) + -7.
-3
Calculate 1 - ((4 - 3) + -3).
3
What is the value of 0 - -3 - ((35 - 16) + -9)?
-7
Evaluate -3 - (183 + -177 + (-7 - (-1 - -1))).
-2
Evaluate -8 - 8 - -9 - (-3 + 1 + 9).
-14
What is (-9 - -27) + -24 - (15 + 1 + -3)?
-19
Evaluate 1 + -11 + (-37 - (-55 + 5)).
3
Calculate 1 + (6 - (-7 + -4 + 7 + -6)).
17
What is the value of -17 + -29 - -46 - (-7 + -1)?
8
5 - 1 - (-2 - -4 - 4) - 4
2
What is the value of -10 + 26 + (11 - 6 - 7)?
14
What is the value of (-37 - (0 - 12) - -9) + -7?
-23
What is (-19 - -37 - 10) + -6 - (-5 + -1)?
8
Calculate -3 + 12 + -20 + -1.
-12
Calculate -15 + (1 - -6) + (-1 - -4) + -10.
-15
What is -2 + 5 + 3 + -1 + (-14 - -2)?
-7
Calculate -18 - (-7 + -5) - -6.
0
What is -14 - (-36 + 6 - -34)?
-18
Evaluate -7 - (6 + 7 + -3 + -6).
-11
Calculate (-14 - (-16 + -7)) + (0 - -2) + -1.
10
What is 3 + -6 + -29 + 56?
24
Evaluate -20 - 1 - (-1041 - -1024).
-4
Evaluate -8 - (-8 - 9 - -5).
4
44 - 17 - (3 + (5 - 9) + 6)
22
What is the value of -1 - -11 - 8 - -1?
3
(6 - -5) + 10 + -7 + -6
8
What is -11 + 8 + -4 + 3 + 39?
35
What is the value of -6 + (21 - (-6 + 8 + 5))?
8
What is -7 - -1 - (10 - (3 + 6 - -11))?
4
19 + (15 - (37 - 21))
18
What is the value of 5 + (-2 - (0 + 1)) + 94 + -94?
2
-9 - (-1 - -6 - 9)
-5
What is the value of 27 - (-4 - -5 - 3) - (363 - 369)?
35
0 - (-41 + -7 + 28 + (-6 - -1))
25
What is (-3 + 1 - -2) + 5 + -4 + -12?
-11
(7 - (-7 + (7 - -2))) + -2 + 6
9
What is -7 + 6 + (2 - (-3 + 9))?
-5
Calculate -14 + (-5 + 10 - (24 + -19)).
-14
What is the value of 18 - (26 - -2) - 15?
-25
What is 60 - (41 + -37) - 23?
33
Evaluate -17 + 3 + -34 + 43.
-5
Evaluate (-4 - -4) + (-1 - (-22 - -5)).
16
Evaluate -28 + (14 - -26) - (-1 - -28).
-15
(6 - -1) + (26 - (-10 + 33))
10
What is 9 + -10 + 3 - (0 + (8 - -2))?
-8
32 + ((-7 - 0) + 8 - (5 + 1))
27
Evaluate 3 - (2 - 5 - -12 - -1).
-7
What is (11 - (-3 - -16)) + -4 + 6 + -1?
-1
21 + -13 + -4 + (2 - -16)
22
227 + -232 - (-5 - -4 - (4 + 1))
1
1 + (1 - (-6 + 10) - 0 - 4)
-6
14 - (1 + 6) - 1
6
Calculate -5 - (-20 + (-3 - -16)).
2
Evaluate 86 + -81 + -2 + 0 - (-2 - 2).
7
Evaluate -1 + (14 - 8) + -15.
-10
3 + (8 - 1) + (80 - 67)
23
What is the value of -38 + -22 + 40 - -14?
-6
Evaluate (31 - 3) + -21 + (2 - -3).
12
(4 - -2 - 11) + 10 - 8
-3
6 - ((-15 - -20) + -13)
14
18 + 6 + -1 + -18 + 15
20
Evaluate -15 + (17 - 33) + (7 + 0 - 1).
-25
-13 + -23 + 12 + 7 + (6 - 15)
-26
Calculate 15 + (2 + 9 - 21) - 8.
-3
-6 + 1 + (-13 - -17) - -17
16
5 + 4 + -19 + 22
12
What is the value of -39 + 7 + (-6 - (-3 + 4 + -15))?
-24
What is the value of 17 + -8 + (-9 - 10)?
-10
What is 3 + -1 + (4 - ((12 - 11) + 6))?
-1
What is 23 + 0 + (964 - 961)?
26
What is -38 + 34 + -2 + -17 + 3?
-20
Evaluate -110 + 130 + (-13 - -2).
9
Calculate -100 - -130 - (43 + 0).
-13
Calculate -2 - (2 + -3) - (-19 + 12 + 6).
0
11 - (9 - -5) - -13
10
17 - ((-25 + 26 - -7) + 2 + -1)
8
Evaluate -6 - (2 + ((3 - 1) + -1 - 0)).
-9
What is (-6 - -9) + 0 + 3 + 6 - -5?
17
Evaluate -4 + (-1 - (-4 - -4)) + 15 + -1.
9
Calculate -1 + (-51 - -25) - -34.
7
What is the value of -91 + 81 + (12 - 2) + -16?
-16
What is 34 - (14 + (-3 + 10 - 9))?
22
Calculate -2 + (7 + (4 - 4) - 5).
0
(57 - 29) + -70 - -25
-17
Calculate 5 + (3 - -6) - 14.
0
(2 - 1 - 13) + (1105 - 1101)
-8
What is the value of 2071 - 2096 - (-5 - (-1 - -1))?
-20
Calculate (-1 - (-4 + 24)) + 4 - -3.
-14
What is the value of -